 divisor of 40 and j.
20
Suppose 47*v = 22*v + 7950. Calculate the highest common factor of v and 424.
106
Let n(o) be the third derivative of -3*o**6/40 - o**5/60 + o**3/3 - 15*o**2. Let f be n(-1). Calculate the highest common factor of 15 and f.
5
Let o be ((-153)/27)/(4/(-72)*1). What is the highest common divisor of o and 1122?
102
Suppose -6*o + 2*o + 3*b + 172 = 0, 2*o = -4*b + 86. Calculate the highest common factor of o and 43.
43
Let j = 17 + -5. Let k = j - 12. Suppose -4*r + 4*z + 56 = k, -2*r + 2*z = -r - 10. Calculate the highest common divisor of r and 9.
9
Let i = 205 + -113. Suppose j + 3*j = i. Let t = -88 + 272. What is the highest common divisor of j and t?
23
Let r = 680 - 575. Calculate the highest common divisor of 1785 and r.
105
Let n be ((-760)/60)/(4/(-66)). What is the highest common factor of 19 and n?
19
Let f = 79 + -82. Let a be (2 - 3)*-23*(-3)/f. What is the greatest common factor of 161 and a?
23
Let q be 7/14 + 5/(-2). Let r(u) = -7*u + 8. Let m be r(q). What is the highest common factor of 33 and m?
11
Suppose -2*m - 3 = -7. Let s be 344/12 + m/(-3). Calculate the highest common divisor of s and 7.
7
Suppose -23 = 2*i + 19. Suppose -28 = -341*w + 327*w. Let j be (-4 - i - -3)/w. Calculate the highest common divisor of 110 and j.
10
Suppose 8 = 3*u - 5*b, 0 = u - b + 2*b. Let o be 7/(-7) + u*61. Suppose -4*y - 2*z = 3*z - 83, -3*z = 3*y - o. What is the highest common factor of 85 and y?
17
Let l(r) = r**2 + 25*r + 55. Let t be l(-25). What is the greatest common factor of 385 and t?
55
Suppose 113 = 5*u - 4*c + 2*c, 3*c - 3 = 0. Let k(x) = -3*x + 3. Let i be k(-22). Calculate the highest common divisor of i and u.
23
Let v = 55 - 51. Let z be 0*(-2 + 3) - 16. Let k be (-4)/z - (-23)/v. Calculate the highest common divisor of 3 and k.
3
Suppose 3*j = 2*d - 1431, 4*d + j + 418 = 3273. Calculate the highest common factor of 126 and d.
42
Let n(m) be the first derivative of 105*m**2/2 - 6*m - 19. Let l be n(1). Calculate the greatest common divisor of 11 and l.
11
Let x be 3 - 21/6 - 117/(-2). Let c = x - 24. Calculate the greatest common divisor of c and 34.
34
Let h = -335 + 344. What is the highest common factor of 162 and h?
9
Let t(f) = -22*f + 1. Let i be t(-1). Let c be (-3 + 2)*2*2783/(-22). What is the greatest common factor of i and c?
23
Let q = 40 - 24. Let h be (0 + -15)/(-5) - 3. Let d = 64 - h. Calculate the greatest common factor of q and d.
16
Suppose -197 + 1097 = 5*d. What is the greatest common factor of d and 1020?
60
Let v(w) = w**3 - 4*w**2 + 2*w - 4. Let j = 34 + -30. Let i be v(j). Calculate the greatest common factor of 24 and i.
4
Let h be (1 + 6)/((-7)/(-35)). Suppose -5*a + 25 + h = 0. Let l(w) = 5*w - 16. Let r be l(a). Calculate the highest common factor of 11 and r.
11
Let z be (31 + -1)*(-15)/(-45). Suppose 3*j = 6*j. Let h be j/(-1) + 15 + -5. What is the greatest common divisor of z and h?
10
Suppose 16*q + 3*p = 20*q - 137, -5*p + 25 = 0. What is the greatest common factor of 76 and q?
38
Let h = -56 + 90. Let t = h - 15. Suppose -t = -3*a + 2*c, 16 = 3*c + c. What is the highest common divisor of 9 and a?
9
Let t be ((-4)/(-8))/(3/(-66)). Let g(b) = 12*b - 22 - 6*b**2 - 2*b**2 - b**3 + 7 + 0*b**3. Let w be g(t). What is the highest common factor of w and 36?
36
Let n = -477 + 519. Calculate the highest common factor of 30 and n.
6
Suppose 0 = -l + 3*c - 4*c + 8, 4*c = 4*l - 8. Calculate the greatest common divisor of l and 755.
5
Suppose 41*h - 74 - 1894 = 0. Calculate the greatest common divisor of 3 and h.
3
Let s = -193 - -273. Suppose 432 = 66957*z - 66930*z. What is the greatest common factor of z and s?
16
Let w = -89 + 197. Suppose p - w = -2*p. Calculate the greatest common factor of 288 and p.
36
Let u(g) = 5*g + 2 - g**2 + 2*g - 4*g + 2. Let c be u(4). Let b be c - (-3 + 2) - -9. What is the greatest common factor of 10 and b?
10
Let x = -790 + 793. What is the highest common divisor of x and 50?
1
Let a be ((-10)/120*-18)/(6/184). What is the highest common factor of 943 and a?
23
Let x be (-35 + 0)*2/2. Suppose 52 + 167 = -2*m - l, 0 = 5*m + 4*l + 546. Let b = x - m. Calculate the highest common factor of 30 and b.
15
Let w(x) = 9*x + 18. Let l be w(6). Let n be (-2)/((-2)/(-8)*-1). What is the highest common divisor of l and n?
8
Suppose 4*v + 2 - 12 = 2*b, -13 = -4*b - 3*v. Let d(r) = r**2 + 2*r + 3. Suppose -6*x = x. Let i be d(x). Calculate the highest common divisor of i and b.
1
Let s be ((-3)/12 + 1)/(2/8). Let v be 2 + (13 - 1) + 0. Let h be (-88)/(-14) + (-4)/v. Calculate the highest common divisor of s and h.
3
Let d(o) = o**3 - 4*o**2 - 11*o + 13. Suppose 0*u - 4*c = u - 2, -4*u + 26 = -2*c. Let f be d(u). Calculate the greatest common factor of 38 and f.
19
Let i = -282 + 294. Let r be (1446/24)/1 + (-3)/i. Suppose -4*v + 76 = 4*s, 0 = -2*s - 1 - 1. What is the highest common factor of v and r?
20
Let r(n) = -6*n**3 + n - 6. Let o(m) = -m**3 + m**2. Let k(z) = -5*o(z) + r(z). Let i be k(-5). Let b = i - -29. What is the highest common factor of 9 and b?
9
Let w be 80/(-3)*(3 - (11 - -13)). What is the greatest common factor of w and 160?
80
Let t(x) = -x**3 + 4*x**2 + x + 1. Let n be t(4). Suppose 3*s - n = 19. Suppose 196 = s*i - 6*i. Calculate the highest common factor of i and 14.
14
Let m be 4*5/(-5)*-3 - -2. Calculate the greatest common divisor of 50 and m.
2
Let s be (696/(-54))/((-4)/18). What is the greatest common factor of 783 and s?
29
Suppose -108*p + 128372 + 105556 = 0. What is the greatest common factor of 114 and p?
114
Let i = -15 + 16. Suppose k - 4*o + o + 5 = 0, 0 = -5*k + 3*o - i. Let s be ((93 - -1) + 1)/k. Calculate the greatest common factor of s and 19.
19
Let l(f) = -f - 1. Let d = -2 - 1. Let a be l(d). Suppose -2*v - a*v + 30 = -x, x = 5*v - 37. What is the highest common divisor of 56 and v?
7
Let s(o) = o**3 - o**2 - 8*o - 1. Suppose 5*d + 5*k = 40, -27 + 7 = -5*k. Let q be s(d). Calculate the highest common divisor of 105 and q.
15
Let j be ((0 - 0)*(0 + 1))/1. Suppose -3*v = -j*v - 186. Let t(u) = u + 155. Let l be t(0). Calculate the greatest common factor of l and v.
31
Let t(k) = -k**3 + 24*k**2 - 56*k + 267. Let x be t(22). Let d = 49 - 34. Calculate the greatest common divisor of x and d.
3
Suppose 4*f - 485 = -c + 50, c + f - 535 = 0. What is the highest common divisor of 5 and c?
5
Suppose -2 = -0*j + j, 0 = 4*a + 3*j - 46. Let f be 37 - ((-48)/32)/((-3)/(-4)). What is the greatest common divisor of a and f?
13
Let t be -2 + 1/(3/15). Suppose -14 = -t*n - 5*o, 5*n + 4*o = -9 + 28. Let f be -1 + 60/(n + 1). What is the highest common factor of 56 and f?
14
Let i(t) = -11*t + 35. Let z(q) = 7*q - 23. Let v(s) = -5*i(s) - 8*z(s). Let d be v(6). What is the greatest common factor of 15 and d?
3
Let o = 15 - -1. Let m(z) = -3 + 1 + o + 2*z - 2. Let f be m(15). What is the greatest common factor of 28 and f?
14
Suppose -5*b = 10, -2*o - 5*b + 62 - 2 = 0. Let n = -30 + 56. Suppose -4*c = -5*d - 3*c + n, d + c = 4. Calculate the greatest common divisor of d and o.
5
Let v(a) = -a**2 + 10*a - 7. Let t be v(5). Let c = 12 + -5. Suppose 0 = -o - 3*y + 87, -3*y = -c*y - 4. Calculate the greatest common factor of o and t.
18
Let l = -2 - -11. Let v be 1*6/(-2)*(-10 - 17). Calculate the greatest common divisor of l and v.
9
Suppose -26 = -2*g + 4*t, -44 = -4*g + 2*g - 2*t. Let j(f) = 27*f + 7. Let o be j(g). Suppose 0*w + o = 5*w. What is the greatest common divisor of w and 13?
13
Let a = 20 - -15. Let m = a - 26. What is the highest common divisor of 9 and m?
9
Let k = -59 - -59. Suppose 0 = x - 3*x + 3*h + 69, k = 5*x + 4*h - 184. Calculate the highest common divisor of 9 and x.
9
Suppose 20*j + 50 = 21*j. Calculate the greatest common factor of 175 and j.
25
Let g(q) = q**3 + 10*q**2 - 24*q - 1. Let z be g(-12). Let c(r) = -2*r**3 + 3*r**2 + 2*r. Let m be c(z). Calculate the greatest common factor of m and 3.
3
Let w(b) = -8*b + 74. Let j be w(-8). Calculate the greatest common factor of j and 30.
6
Suppose 30*x = 309 + 2271. What is the greatest common factor of x and 946?
86
Let m be 19/(-95) - 1051/(-5). Let t = 14 + 7. Calculate the greatest common factor of m and t.
21
Let x(s) = -149*s**3 - 2*s**2 + 1. Let p be